{"id":46,"date":"2026-02-17T22:32:54","date_gmt":"2026-02-17T21:32:54","guid":{"rendered":"https:\/\/oreckon.de\/?page_id=46"},"modified":"2026-02-17T23:11:49","modified_gmt":"2026-02-17T22:11:49","slug":"unser-bier","status":"publish","type":"page","link":"https:\/\/oreckon.de\/?page_id=46","title":{"rendered":"Unser Bier"},"content":{"rendered":"\n<div class=\"wp-block-media-text alignwide has-media-on-the-right is-stacked-on-mobile is-vertically-aligned-center has-luminous-vivid-amber-background-color has-background has-small-font-size\" style=\"padding-top:0;padding-bottom:0\"><div class=\"wp-block-media-text__content\">\n<div class=\"wp-block-group is-layout-flow wp-block-group-is-layout-flow\" style=\"padding-top:2em;padding-right:2em;padding-bottom:2em;padding-left:2em\">\n<p style=\"font-size:clamp(22.041px, 1.378rem + ((1vw - 3.2px) * 1.091), 36px);line-height:1.2\"><strong><strong>Kellerbier<\/strong><\/strong><\/p>\n\n\n\n<p class=\"has-extra-small-font-size\">Beschreibung: Brauwerks Kellerbier zeichnet sich durch seinen vollen K\u00f6rper, malzaromatischen Geschmack, dezente Hopfennote und eine r\u00f6tlich-bernsteinerne Farbe aus.<\/p>\n\n\n\n<p>Aroma: (7\/10) Malzaromatischer Geschmack mit vollem K\u00f6rper<\/p>\n\n\n\n<p>Bittere: (5\/10) 100% Aromahopfen<\/p>\n\n\n\n<p>Stammw\u00fcrze 12,0 \u00b0P<\/p>\n\n\n\n<p>Trinktemperatur: Optimal bei 5-7 C\u00b0<\/p>\n\n\n\n<p class=\"has-extra-small-font-size\">Alkohol: 5,0 % Vol.<\/p>\n<\/div>\n<\/div><figure class=\"wp-block-media-text__media\"><img loading=\"lazy\" decoding=\"async\" width=\"640\" height=\"618\" src=\"https:\/\/oreckon.de\/wp-content\/uploads\/2026\/02\/AT7A0975-640x618-1.jpg\" alt=\"\" class=\"wp-image-16 size-full\" srcset=\"https:\/\/oreckon.de\/wp-content\/uploads\/2026\/02\/AT7A0975-640x618-1.jpg 640w, https:\/\/oreckon.de\/wp-content\/uploads\/2026\/02\/AT7A0975-640x618-1-300x290.jpg 300w\" sizes=\"auto, (max-width: 640px) 100vw, 640px\" \/><\/figure><\/div>\n\n\n\n<div class=\"wp-block-media-text alignwide is-stacked-on-mobile is-vertically-aligned-center has-background has-small-font-size\" style=\"background-color:#fffdea\"><figure class=\"wp-block-media-text__media\"><img loading=\"lazy\" decoding=\"async\" width=\"640\" height=\"642\" src=\"http:\/\/oreckon.de\/wp-content\/uploads\/2026\/02\/winterbier2-640x642-1.jpeg\" alt=\"\" class=\"wp-image-34 size-full\" srcset=\"https:\/\/oreckon.de\/wp-content\/uploads\/2026\/02\/winterbier2-640x642-1.jpeg 640w, https:\/\/oreckon.de\/wp-content\/uploads\/2026\/02\/winterbier2-640x642-1-300x300.jpeg 300w, https:\/\/oreckon.de\/wp-content\/uploads\/2026\/02\/winterbier2-640x642-1-150x150.jpeg 150w\" sizes=\"auto, (max-width: 640px) 100vw, 640px\" \/><\/figure><div class=\"wp-block-media-text__content\">\n<div class=\"wp-block-group is-layout-flow wp-block-group-is-layout-flow\" style=\"padding-top:2em;padding-right:2em;padding-bottom:2em;padding-left:2em\">\n<p style=\"font-size:clamp(22.041px, 1.378rem + ((1vw - 3.2px) * 1.091), 36px);line-height:1.2\"><strong><strong>Winterbier<\/strong><\/strong><\/p>\n\n\n\n<p class=\"has-extra-small-font-size\">Beschreibung: Brauwerks Winterbier ist ein traditionelles Dunkles Bier. Geschmacklich mit ausgewogener R\u00f6stmalznote, besticht es optisch durch sein Kastanienfarbe mit r\u00f6tlichen Nuacen.<\/p>\n\n\n\n<p>Aroma: (8\/10) Ausgewogene R\u00f6stmalznote, Kaffee, dunkle Schokolade<\/p>\n\n\n\n<p>Bittere: (5\/10) 100% Aromahopfen<\/p>\n\n\n\n<p>Stammw\u00fcrze 12,8 \u00b0P<\/p>\n\n\n\n<p>Trinktemperatur: Optimal bei 7-10 C\u00b0<\/p>\n\n\n\n<p class=\"has-extra-small-font-size\">Alkohol: 5,4 % Vol.<\/p>\n<\/div>\n<\/div><\/div>\n\n\n\n<div class=\"wp-block-media-text alignwide has-media-on-the-right is-stacked-on-mobile is-vertically-aligned-center has-luminous-vivid-amber-background-color has-background has-small-font-size\"><div class=\"wp-block-media-text__content\">\n<div class=\"wp-block-group is-layout-flow wp-block-group-is-layout-flow\" style=\"padding-top:2em;padding-right:2em;padding-bottom:2em;padding-left:2em\">\n<p style=\"font-size:clamp(22.041px, 1.378rem + ((1vw - 3.2px) * 1.091), 36px);line-height:1.2\"><strong><strong><strong>Weizen<\/strong><\/strong><\/strong><\/p>\n\n\n\n<p class=\"has-extra-small-font-size\">Beschreibung: Eine fruchtige Bananen-Note im Geruch, ein vollmundig-mildes Aroma und eine angenehme Balance aus Hopfenbittere und Rests\u00fc\u00dfe: so kommt unser oberg\u00e4riges Weizen daher.<\/p>\n\n\n\n<p>Aroma: (7\/10) Vollmundig-mildes Aroma<\/p>\n\n\n\n<p>Bittere: (3\/10) 100% Aromahopfen<\/p>\n\n\n\n<p>Stammw\u00fcrze 12,6 \u00b0P<\/p>\n\n\n\n<p>Trinktemperatur: Optimal bei 5-7 C\u00b0<\/p>\n\n\n\n<p>Alkohol: 5,2 % Vol.<\/p>\n\n\n\n<p class=\"has-extra-small-font-size\"><\/p>\n<\/div>\n<\/div><figure class=\"wp-block-media-text__media\"><img loading=\"lazy\" decoding=\"async\" width=\"640\" height=\"853\" src=\"http:\/\/oreckon.de\/wp-content\/uploads\/2026\/02\/weizen-640x853-1.jpg\" alt=\"\" class=\"wp-image-23 size-full\" srcset=\"https:\/\/oreckon.de\/wp-content\/uploads\/2026\/02\/weizen-640x853-1.jpg 640w, https:\/\/oreckon.de\/wp-content\/uploads\/2026\/02\/weizen-640x853-1-225x300.jpg 225w\" sizes=\"auto, (max-width: 640px) 100vw, 640px\" \/><\/figure><\/div>\n\n\n\n<div class=\"wp-block-media-text alignwide is-stacked-on-mobile is-vertically-aligned-center has-background has-small-font-size\" style=\"background-color:#fffdea\"><figure class=\"wp-block-media-text__media\"><img loading=\"lazy\" decoding=\"async\" width=\"640\" height=\"921\" src=\"http:\/\/oreckon.de\/wp-content\/uploads\/2026\/02\/AT7A1016-640x921-1.jpg\" alt=\"\" class=\"wp-image-15 size-full\" srcset=\"https:\/\/oreckon.de\/wp-content\/uploads\/2026\/02\/AT7A1016-640x921-1.jpg 640w, https:\/\/oreckon.de\/wp-content\/uploads\/2026\/02\/AT7A1016-640x921-1-208x300.jpg 208w\" sizes=\"auto, (max-width: 640px) 100vw, 640px\" \/><\/figure><div class=\"wp-block-media-text__content\">\n<div class=\"wp-block-group is-layout-flow wp-block-group-is-layout-flow\" style=\"padding-top:2em;padding-right:2em;padding-bottom:2em;padding-left:2em\">\n<p style=\"font-size:clamp(22.041px, 1.378rem + ((1vw - 3.2px) * 1.091), 36px);line-height:1.2\"><strong><strong><strong>Helles<\/strong><\/strong><\/strong><\/p>\n\n\n\n<p class=\"has-extra-small-font-size\">Beschreibung: Unser nat\u00fcrtr\u00fcbes Helles hat eine rotgoldene, sortentypische Farbe, einen schlanken Antrunk und schmiegt sich harmonisch an den Gaumen.<\/p>\n\n\n\n<p>Aroma: (5\/10) Hopfig-frisch, schlankes Aroma<\/p>\n\n\n\n<p>Bittere: (5\/10) 100% Aromahopfen<\/p>\n\n\n\n<p>Stammw\u00fcrze 11,6 \u00b0P<\/p>\n\n\n\n<p>Trinktemperatur: Optimal bei 5-7 C\u00b0<\/p>\n\n\n\n<p class=\"has-extra-small-font-size\">Alkohol: 4,9 % Vol.<\/p>\n<\/div>\n<\/div><\/div>\n\n\n\n<div class=\"wp-block-media-text alignwide has-media-on-the-right is-stacked-on-mobile is-vertically-aligned-center has-luminous-vivid-amber-background-color has-background has-small-font-size\"><div class=\"wp-block-media-text__content\">\n<div class=\"wp-block-group is-layout-flow wp-block-group-is-layout-flow\" style=\"padding-top:2em;padding-right:2em;padding-bottom:2em;padding-left:2em\">\n<p style=\"font-size:clamp(22.041px, 1.378rem + ((1vw - 3.2px) * 1.091), 36px);line-height:1.2\"><strong><strong><strong><strong>Pils<\/strong><\/strong><\/strong><\/strong><\/p>\n\n\n\n<p class=\"has-extra-small-font-size\">Beschreibung: Unser Sommerpils ist schlank im Antrunk, hat einen fein herben Charakter und erfrischt mit einer ausgewogenen Hopfenblume im Abgang, die durch die feinen Aromahopfen Saphir und Mandarina Bavaria untermalt wird.<\/p>\n\n\n\n<p>Aroma: (7\/10) Fein-herb<\/p>\n\n\n\n<p>Bittere: (7\/10) 100% Aromahopfen<\/p>\n\n\n\n<p>Stammw\u00fcrze 11,6 \u00b0P<\/p>\n\n\n\n<p>Trinktemperatur: Optimal bei 5-7 C\u00b0<\/p>\n\n\n\n<p class=\"has-extra-small-font-size\">Alkohol: 4,8 % Vol.<\/p>\n<\/div>\n<\/div><figure class=\"wp-block-media-text__media\"><img loading=\"lazy\" decoding=\"async\" width=\"640\" height=\"743\" src=\"http:\/\/oreckon.de\/wp-content\/uploads\/2026\/02\/pils_neu-640x743-1.jpeg\" alt=\"\" class=\"wp-image-25 size-full\" srcset=\"https:\/\/oreckon.de\/wp-content\/uploads\/2026\/02\/pils_neu-640x743-1.jpeg 640w, https:\/\/oreckon.de\/wp-content\/uploads\/2026\/02\/pils_neu-640x743-1-258x300.jpeg 258w\" sizes=\"auto, (max-width: 640px) 100vw, 640px\" \/><\/figure><\/div>\n","protected":false},"excerpt":{"rendered":"","protected":false},"author":1,"featured_media":0,"parent":0,"menu_order":0,"comment_status":"closed","ping_status":"closed","template":"","meta":{"footnotes":""},"class_list":["post-46","page","type-page","status-publish","hentry"],"blocksy_meta":[],"_links":{"self":[{"href":"https:\/\/oreckon.de\/index.php?rest_route=\/wp\/v2\/pages\/46","targetHints":{"allow":["GET"]}}],"collection":[{"href":"https:\/\/oreckon.de\/index.php?rest_route=\/wp\/v2\/pages"}],"about":[{"href":"https:\/\/oreckon.de\/index.php?rest_route=\/wp\/v2\/types\/page"}],"author":[{"embeddable":true,"href":"https:\/\/oreckon.de\/index.php?rest_route=\/wp\/v2\/users\/1"}],"replies":[{"embeddable":true,"href":"https:\/\/oreckon.de\/index.php?rest_route=%2Fwp%2Fv2%2Fcomments&post=46"}],"version-history":[{"count":3,"href":"https:\/\/oreckon.de\/index.php?rest_route=\/wp\/v2\/pages\/46\/revisions"}],"predecessor-version":[{"id":67,"href":"https:\/\/oreckon.de\/index.php?rest_route=\/wp\/v2\/pages\/46\/revisions\/67"}],"wp:attachment":[{"href":"https:\/\/oreckon.de\/index.php?rest_route=%2Fwp%2Fv2%2Fmedia&parent=46"}],"curies":[{"name":"wp","href":"https:\/\/api.w.org\/{rel}","templated":true}]}}